hat is 2021 - 1123?
232
In base 13, what is 4ab8 - c6?
49c2
In base 14, what is -11374 + -1?
-11375
In base 13, what is -1148 + -1?
-1149
In base 16, what is -f2 + -147?
-239
In base 5, what is -140420 + -12?
-140432
In base 9, what is -4 - -8328?
8324
In base 15, what is -194 + -221?
-3b5
In base 7, what is -24641 - 1140?
-26111
In base 15, what is -21de - -4?
-21da
In base 5, what is 4 - -3134134?
3134143
In base 2, what is -1 + 1000110110110000000?
1000110110101111111
In base 9, what is -404 + 1102?
587
In base 16, what is -136cdf + -1?
-136ce0
In base 10, what is -71703 + -2?
-71705
In base 6, what is -152142 + 54?
-152044
In base 15, what is 66 + 184?
1ea
In base 12, what is 1 - 82080?
-8207b
In base 13, what is -2a01c - -3?
-2a019
In base 3, what is -10 - 20110122?
-20110202
In base 4, what is 110013230 - 1?
110013223
In base 7, what is 16 + -1026310?
-1026261
In base 5, what is 124 - -3214?
3343
In base 14, what is -4 + 2660?
265a
In base 2, what is 11011 - -101010010100?
101010101111
In base 16, what is -1f00 + 1?
-1eff
In base 13, what is -2395 - -5?
-2390
In base 16, what is 170a7 - 1c?
1708b
In base 11, what is 347 + 1106?
1452
In base 5, what is 101214014 - 2?
101214012
In base 13, what is -4 - 11023?
-11027
In base 8, what is 11 - 1665?
-1654
In base 3, what is -2 + 100112122212?
100112122210
In base 7, what is 224600 - -1?
224601
In base 13, what is -a6cc + -2c?
-a72b
In base 7, what is 2114 - -136?
2253
In base 6, what is -34221 + -103?
-34324
In base 11, what is -1773 - -1589?
-195
In base 4, what is -3013 - -21311?
12232
In base 12, what is -90 + -162?
-232
In base 5, what is 4 + 13212?
13221
In base 15, what is c - 3ac57?
-3ac4a
In base 11, what is 6 + -11841?
-11836
In base 13, what is -5 + 403c8?
403c3
In base 12, what is -1a8 + 355?
169
In base 3, what is -1 - 10022121201?
-10022121202
In base 12, what is -4144 - -17b?
-3b85
In base 16, what is -1 + -715d?
-715e
In base 10, what is -40 + 980?
940
In base 2, what is -1100100000 - -110010001011?
100101101011
In base 4, what is -2011 - -231113?
223102
In base 14, what is 5 + 1a45?
1a4a
In base 3, what is 2202 + 20002122?
20012101
In base 12, what is 2 - -5ab66?
5ab68
In base 7, what is -11646 + -2?
-11651
In base 9, what is 2 + 40143?
40145
In base 12, what is 460b - -2?
4611
In base 11, what is 1 + 6a15?
6a16
In base 15, what is -58 - ce?
-137
In base 12, what is -2 + -9978?
-997a
In base 13, what is -1 - 1945a?
-1945b
In base 3, what is 1101201 - 112002?
212122
In base 2, what is -110 + 11010110?
11010000
In base 8, what is -1473 - 33?
-1526
In base 14, what is -1 - -b1d68?
b1d67
In base 12, what is -287289 - 2?
-28728b
In base 5, what is 132233403 + 0?
132233403
In base 3, what is -10112110 + -122?
-10120002
In base 2, what is 1101001110 + -1110000?
1011011110
In base 9, what is -55 - 345?
-411
In base 12, what is 5731 + -1?
5730
In base 13, what is 278842 + 1?
278843
In base 2, what is -10010110000000 + -10110?
-10010110010110
In base 10, what is 418 + 226?
644
In base 12, what is 1238 + -aa?
114a
In base 5, what is -30231 - 2?
-30233
In base 10, what is 5821 - 3?
5818
In base 4, what is -1022 - 122102?
-123130
In base 10, what is 42405 - 5?
42400
In base 6, what is 425242 - 3?
425235
In base 11, what is 94 + -2164?
-2080
In base 13, what is 2b81c1 + -3?
2b81bb
In base 10, what is 5 - -121982?
121987
In base 8, what is 0 + 157044?
157044
In base 13, what is 48875 - 1?
48874
In base 8, what is -4 + 604?
600
In base 8, what is -6 - -10153?
10145
In base 8, what is 44555 - -5?
44562
In base 11, what is 9 + 31408?
31416
In base 4, what is 3332 + 102?
10100
In base 14, what is -5 + -2c018?
-2c01d
In base 6, what is -4 + 2120122?
2120114
In base 3, what is 10 + -20222011?
-20222001
In base 3, what is 22 + -10100111?
-10100012
In base 7, what is -21 - -14533?
14512
In base 13, what is -1444 + 2?
-1442
In base 16, what is -5 - -7747?
7742
In base 11, what is -55 + -6?
-60
In base 12, what is -b79 - -55?
-b24
In base 14, what is -2 - 2b5c4?
-2b5c6
In base 11, what is 1410 + 7?
1417
In base 6, what is -4 + 25403?
25355
In base 15, what is -8be4 + 4?
-8be0
In base 10, what is -7 - 1651?
-1658
In base 15, what is -4886 + 6?
-4880
In base 6, what is 5 + 35115453?
35115502
In base 11, what is -4 - 3950?
-3954
In base 14, what is 2 + 10d71?
10d73
In base 9, what is -6 + 3527?
3521
In base 8, what is 1 + 220466?
220467
In base 4, what is 2112310 - 31?
2112213
In base 12, what is 429bab2 + 0?
429bab2
In base 10, what is 4 + -19963?
-19959
In base 4, what is -3 + 10303023320?
10303023311
In base 13, what is 82b + -5?
826
In base 7, what is 654655 + 5?
654663
In base 13, what is -1 - a09?
-a0a
In base 7, what is -205 - -664?
456
In base 9, what is -384 + -118?
-513
In base 3, what is 20200 - 100100?
-2200
In base 15, what is 324d - 4?
3249
In base 7, what is 244 - 144361?
-144114
In base 3, what is 122 + 2111221?
2112120
In base 14, what is 28 + -241b?
-23d3
In base 15, what is db7c6 + 4?
db7ca
In base 16, what is 3b + 3f8?
433
In base 4, what is -10 - -12131321203?
12131321133
In base 5, what is -11 + 2423?
2412
In base 2, what is 101101 + 110000111111?
110001101100
In base 15, what is 29146 - -1?
29147
In base 2, what is 100 - -100101110010100011?
100101110010100111
In base 14, what is -9934 + 4b?
-98c7
In base 9, what is -7 - 13162?
-13170
In base 8, what is 5 - -177645?
177652
In base 2, what is -11000011110110 - -11110?
-11000011011000
In base 12, what is -19 - -103b99?
103b80
In base 3, what is -12222102220212 - 12?
-12222102221001
In base 3, what is -122102112 - 1?
-122102120
In base 12, what is -4 - -1a32a?
1a326
In base 16, what is 361 + c05?
f66
In base 2, what is 1001101011101 + 0?
1001101011101
In base 15, what is -1092 - -32?
-1060
In base 9, what is 16636 + 24?
16661
In base 8, what is -35050 + 111?
-34737
In base 9, what is 222418 - 12?
222406
In base 7, what is 3 - -104656?
104662
In base 7, what is -216 - 222?
-441
In base 8, what is 3 - -500703?
500706
In base 3, what is 111111 - -112?
112000
In base 13, what is 7 + -39298?
-39291
In base 5, what is 103 - 14110?
-14002
In base 4, what is 0 + 110001?
110001
In base 11, what is 1 + 593004?
593005
In base 6, what is 1431002 - 2?
1431000
In base 8, what is -211 + -7715?
-10126
In base 13, what is 5 + 7c143?
7c148
In base 4, what is -1000 + 10300131?
10233131
In base 7, what is -2334 - 163?
-2530
In base 4, what is 11 + -10030320?
-10030303
In base 3, what is 10 + 112022?
112102
In base 9, what is -63 + 68638?
68565
In base 6, what is 2012 - 412?
1200
In base 2, what is -10010100111101101101 + -1?
-10010100111101101110
In base 14, what is 5b1cb - c?
5b1bd
In base 9, what is -75 - -3364?
3278
In base 2, what is -11 + 1010111001101000001?
1010111001100111110
In base 8, what is -57 + 5552?
5473
In base 2, what is -100 + 10000011101100010?
10000011101011110
In base 3, what is -1201222 - -2?
-1201220
In base 13, what is -240 + 257b?
233b
In base 14, what is -1940b9 - -5?
-1940b4
In base 7, what is -1056 + 4116?
3030
In base 2, what is -11110100 + 100010011110101?
100010000000001
In base 9, what is 131688 - -51?
131750
In base 4, what is -100 + 21100?
21000
In base 5, what is -24111 - -23?
-24033
In base 10, what is -3001006 - 0?
-3001006
In base 9, what is -5 + -61764?
-61770
In base 11, what is -939 + -11?
-94a
In base 5, what is 3 - 102031?
-102023
In base 7, what is 350024 - 26?
346665
In base 7, what is 4352 + 605?
5260
In base 14, what is -967 - -5a?
-90b
In base 15, what is -c9ea - 0?
-c9ea
In base 5, what is 1414 + -2430?
-1011
In base 9, what is 3 + -4208?
-4205
In base 14, what is 4542b + 3?
45430
In base 3, what is -2202 + 210002221?
210000012
In base 13, what is -4961 + -4?
-4965
In base 13, what is -2789a + -4?
-278a1
In base 4, what is -232 - 201103?
-202001
In base 13, what is -2cc9a + 2?
-2cc98
In base 6, what is 4 - -404445?
404453
In base 12, what is 33 - -6aa4?
6b17
In base 16, what is -105 - -2ed?
1e8
In base 2, what is 101011111000 - -100000?
101100011000
In base 16, what is 22 - -a946?
a968
In base 7, what is 333212 + -3?
333206
In base 14, what is 32 + -122?
-d0
In base 7, what is 4342 - 315?
4024
In base 10, what is -64 - -272?
208
In base 11, what is 1a + -1431?
-1412
In base 3, what is 102221 - -22211?
